{"id":288,"date":"2016-12-28T19:58:50","date_gmt":"2016-12-28T18:58:50","guid":{"rendered":"http:\/\/cpvirgendelaoliva.educacion.navarra.es\/web\/?page_id=288"},"modified":"2025-10-14T13:08:31","modified_gmt":"2025-10-14T11:08:31","slug":"__trashed","status":"publish","type":"page","link":"https:\/\/cpvirgendelaoliva.educacion.navarra.es\/web\/__trashed\/","title":{"rendered":"Actividades complementarias y actividad de tarde"},"content":{"rendered":"\n<h2>ACTIVIDAD DE TARDE<\/h2>\n\n\n\n<p>Durante el curso <strong>2025 -202<\/strong>6, la actividad de tarde se realizar\u00e1 de <strong>15:40 a 16:25 <\/strong>horas. La oferta para Educaci\u00f3n Infantil y para Educaci\u00f3n Primaria son las siguientes:<\/p>\n\n\n\n<figure class=\"wp-block-image size-large\"><img loading=\"lazy\" width=\"725\" height=\"1024\" src=\"https:\/\/cpvirgendelaoliva.educacion.navarra.es\/web\/wp-content\/uploads\/2025\/10\/TABLA-ACTIVIDAD-DE-TARDE.docx_page-0001-725x1024.jpg\" alt=\"\" class=\"wp-image-2903\" srcset=\"https:\/\/cpvirgendelaoliva.educacion.navarra.es\/web\/wp-content\/uploads\/2025\/10\/TABLA-ACTIVIDAD-DE-TARDE.docx_page-0001-725x1024.jpg 725w, https:\/\/cpvirgendelaoliva.educacion.navarra.es\/web\/wp-content\/uploads\/2025\/10\/TABLA-ACTIVIDAD-DE-TARDE.docx_page-0001-212x300.jpg 212w, https:\/\/cpvirgendelaoliva.educacion.navarra.es\/web\/wp-content\/uploads\/2025\/10\/TABLA-ACTIVIDAD-DE-TARDE.docx_page-0001-768x1085.jpg 768w, https:\/\/cpvirgendelaoliva.educacion.navarra.es\/web\/wp-content\/uploads\/2025\/10\/TABLA-ACTIVIDAD-DE-TARDE.docx_page-0001-1087x1536.jpg 1087w, https:\/\/cpvirgendelaoliva.educacion.navarra.es\/web\/wp-content\/uploads\/2025\/10\/TABLA-ACTIVIDAD-DE-TARDE.docx_page-0001.jpg 1242w\" sizes=\"(max-width: 725px) 100vw, 725px\" \/><\/figure>\n\n\n\n<h2>ACTIVIDADES COMPLEMENTARIAS<\/h2>\n\n\n\n<figure class=\"wp-block-image size-large\"><img loading=\"lazy\" width=\"724\" height=\"1024\" src=\"https:\/\/cpvirgendelaoliva.educacion.navarra.es\/web\/wp-content\/uploads\/2024\/11\/Actividades-COMPLEMENTARIAS-y-EXTRAESCOLARES_page-0001-724x1024.jpg\" alt=\"\" class=\"wp-image-2774\" srcset=\"https:\/\/cpvirgendelaoliva.educacion.navarra.es\/web\/wp-content\/uploads\/2024\/11\/Actividades-COMPLEMENTARIAS-y-EXTRAESCOLARES_page-0001-724x1024.jpg 724w, https:\/\/cpvirgendelaoliva.educacion.navarra.es\/web\/wp-content\/uploads\/2024\/11\/Actividades-COMPLEMENTARIAS-y-EXTRAESCOLARES_page-0001-212x300.jpg 212w, https:\/\/cpvirgendelaoliva.educacion.navarra.es\/web\/wp-content\/uploads\/2024\/11\/Actividades-COMPLEMENTARIAS-y-EXTRAESCOLARES_page-0001-768x1087.jpg 768w, https:\/\/cpvirgendelaoliva.educacion.navarra.es\/web\/wp-content\/uploads\/2024\/11\/Actividades-COMPLEMENTARIAS-y-EXTRAESCOLARES_page-0001-1085x1536.jpg 1085w, https:\/\/cpvirgendelaoliva.educacion.navarra.es\/web\/wp-content\/uploads\/2024\/11\/Actividades-COMPLEMENTARIAS-y-EXTRAESCOLARES_page-0001.jpg 1240w\" sizes=\"(max-width: 724px) 100vw, 724px\" \/><\/figure>\n\n\n\n<figure class=\"wp-block-image size-large\"><img loading=\"lazy\" width=\"724\" height=\"1024\" src=\"https:\/\/cpvirgendelaoliva.educacion.navarra.es\/web\/wp-content\/uploads\/2024\/11\/Actividades-COMPLEMENTARIAS-y-EXTRAESCOLARES_page-0002-724x1024.jpg\" alt=\"\" class=\"wp-image-2775\" srcset=\"https:\/\/cpvirgendelaoliva.educacion.navarra.es\/web\/wp-content\/uploads\/2024\/11\/Actividades-COMPLEMENTARIAS-y-EXTRAESCOLARES_page-0002-724x1024.jpg 724w, https:\/\/cpvirgendelaoliva.educacion.navarra.es\/web\/wp-content\/uploads\/2024\/11\/Actividades-COMPLEMENTARIAS-y-EXTRAESCOLARES_page-0002-212x300.jpg 212w, https:\/\/cpvirgendelaoliva.educacion.navarra.es\/web\/wp-content\/uploads\/2024\/11\/Actividades-COMPLEMENTARIAS-y-EXTRAESCOLARES_page-0002-768x1087.jpg 768w, https:\/\/cpvirgendelaoliva.educacion.navarra.es\/web\/wp-content\/uploads\/2024\/11\/Actividades-COMPLEMENTARIAS-y-EXTRAESCOLARES_page-0002-1085x1536.jpg 1085w, https:\/\/cpvirgendelaoliva.educacion.navarra.es\/web\/wp-content\/uploads\/2024\/11\/Actividades-COMPLEMENTARIAS-y-EXTRAESCOLARES_page-0002.jpg 1240w\" sizes=\"(max-width: 724px) 100vw, 724px\" \/><\/figure>\n\n\n\n<figure class=\"wp-block-image size-large\"><img loading=\"lazy\" width=\"724\" height=\"1024\" src=\"https:\/\/cpvirgendelaoliva.educacion.navarra.es\/web\/wp-content\/uploads\/2024\/11\/Actividades-COMPLEMENTARIAS-y-EXTRAESCOLARES_page-0003-724x1024.jpg\" alt=\"\" class=\"wp-image-2776\" srcset=\"https:\/\/cpvirgendelaoliva.educacion.navarra.es\/web\/wp-content\/uploads\/2024\/11\/Actividades-COMPLEMENTARIAS-y-EXTRAESCOLARES_page-0003-724x1024.jpg 724w, https:\/\/cpvirgendelaoliva.educacion.navarra.es\/web\/wp-content\/uploads\/2024\/11\/Actividades-COMPLEMENTARIAS-y-EXTRAESCOLARES_page-0003-212x300.jpg 212w, https:\/\/cpvirgendelaoliva.educacion.navarra.es\/web\/wp-content\/uploads\/2024\/11\/Actividades-COMPLEMENTARIAS-y-EXTRAESCOLARES_page-0003-768x1087.jpg 768w, https:\/\/cpvirgendelaoliva.educacion.navarra.es\/web\/wp-content\/uploads\/2024\/11\/Actividades-COMPLEMENTARIAS-y-EXTRAESCOLARES_page-0003-1085x1536.jpg 1085w, https:\/\/cpvirgendelaoliva.educacion.navarra.es\/web\/wp-content\/uploads\/2024\/11\/Actividades-COMPLEMENTARIAS-y-EXTRAESCOLARES_page-0003.jpg 1240w\" sizes=\"(max-width: 724px) 100vw, 724px\" \/><\/figure>\n","protected":false},"excerpt":{"rendered":"<p>ACTIVIDAD DE TARDE Durante el curso 2025 -2026, la actividad de tarde se realizar\u00e1 de 15:40 a 16:25 horas. La oferta para Educaci\u00f3n Infantil y para Educaci\u00f3n Primaria son las siguientes: ACTIVIDADES COMPLEMENTARIAS<\/p>\n","protected":false},"author":1,"featured_media":0,"parent":0,"menu_order":0,"comment_status":"closed","ping_status":"closed","template":"","meta":{"_genesis_hide_title":false,"_genesis_hide_breadcrumbs":false,"_genesis_hide_singular_image":false,"_genesis_hide_footer_widgets":false,"_genesis_custom_body_class":"","_genesis_custom_post_class":"","_genesis_layout":""},"_links":{"self":[{"href":"https:\/\/cpvirgendelaoliva.educacion.navarra.es\/web\/wp-json\/wp\/v2\/pages\/288"}],"collection":[{"href":"https:\/\/cpvirgendelaoliva.educacion.navarra.es\/web\/wp-json\/wp\/v2\/pages"}],"about":[{"href":"https:\/\/cpvirgendelaoliva.educacion.navarra.es\/web\/wp-json\/wp\/v2\/types\/page"}],"author":[{"embeddable":true,"href":"https:\/\/cpvirgendelaoliva.educacion.navarra.es\/web\/wp-json\/wp\/v2\/users\/1"}],"replies":[{"embeddable":true,"href":"https:\/\/cpvirgendelaoliva.educacion.navarra.es\/web\/wp-json\/wp\/v2\/comments?post=288"}],"version-history":[{"count":19,"href":"https:\/\/cpvirgendelaoliva.educacion.navarra.es\/web\/wp-json\/wp\/v2\/pages\/288\/revisions"}],"predecessor-version":[{"id":2905,"href":"https:\/\/cpvirgendelaoliva.educacion.navarra.es\/web\/wp-json\/wp\/v2\/pages\/288\/revisions\/2905"}],"wp:attachment":[{"href":"https:\/\/cpvirgendelaoliva.educacion.navarra.es\/web\/wp-json\/wp\/v2\/media?parent=288"}],"curies":[{"name":"wp","href":"https:\/\/api.w.org\/{rel}","templated":true}]}}

<h2>ACTIVIDAD DE TARDE</h2>



<p>Durante el curso <strong>2025 -202</strong>6, la actividad de tarde se realizará de <strong>15:40 a 16:25 </strong>horas. La oferta para Educación Infantil y para Educación Primaria son las siguientes:</p>



<figure class="wp-block-image size-large"><img loading="lazy" width="725" height="1024" src="https://cpvirgendelaoliva.educacion.navarra.es/web/wp-content/uploads/2025/10/TABLA-ACTIVIDAD-DE-TARDE.docx_page-0001-725x1024.jpg" alt="" class="wp-image-2903" srcset="https://cpvirgendelaoliva.educacion.navarra.es/web/wp-content/uploads/2025/10/TABLA-ACTIVIDAD-DE-TARDE.docx_page-0001-725x1024.jpg 725w, https://cpvirgendelaoliva.educacion.navarra.es/web/wp-content/uploads/2025/10/TABLA-ACTIVIDAD-DE-TARDE.docx_page-0001-212x300.jpg 212w, https://cpvirgendelaoliva.educacion.navarra.es/web/wp-content/uploads/2025/10/TABLA-ACTIVIDAD-DE-TARDE.docx_page-0001-768x1085.jpg 768w, https://cpvirgendelaoliva.educacion.navarra.es/web/wp-content/uploads/2025/10/TABLA-ACTIVIDAD-DE-TARDE.docx_page-0001-1087x1536.jpg 1087w, https://cpvirgendelaoliva.educacion.navarra.es/web/wp-content/uploads/2025/10/TABLA-ACTIVIDAD-DE-TARDE.docx_page-0001.jpg 1242w" sizes="(max-width: 725px) 100vw, 725px" /></figure>



<h2>ACTIVIDADES COMPLEMENTARIAS</h2>



<figure class="wp-block-image size-large"><img loading="lazy" width="724" height="1024" src="https://cpvirgendelaoliva.educacion.navarra.es/web/wp-content/uploads/2024/11/Actividades-COMPLEMENTARIAS-y-EXTRAESCOLARES_page-0001-724x1024.jpg" alt="" class="wp-image-2774" srcset="https://cpvirgendelaoliva.educacion.navarra.es/web/wp-content/uploads/2024/11/Actividades-COMPLEMENTARIAS-y-EXTRAESCOLARES_page-0001-724x1024.jpg 724w, https://cpvirgendelaoliva.educacion.navarra.es/web/wp-content/uploads/2024/11/Actividades-COMPLEMENTARIAS-y-EXTRAESCOLARES_page-0001-212x300.jpg 212w, https://cpvirgendelaoliva.educacion.navarra.es/web/wp-content/uploads/2024/11/Actividades-COMPLEMENTARIAS-y-EXTRAESCOLARES_page-0001-768x1087.jpg 768w, https://cpvirgendelaoliva.educacion.navarra.es/web/wp-content/uploads/2024/11/Actividades-COMPLEMENTARIAS-y-EXTRAESCOLARES_page-0001-1085x1536.jpg 1085w, https://cpvirgendelaoliva.educacion.navarra.es/web/wp-content/uploads/2024/11/Actividades-COMPLEMENTARIAS-y-EXTRAESCOLARES_page-0001.jpg 1240w" sizes="(max-width: 724px) 100vw, 724px" /></figure>



<figure class="wp-block-image size-large"><img loading="lazy" width="724" height="1024" src="https://cpvirgendelaoliva.educacion.navarra.es/web/wp-content/uploads/2024/11/Actividades-COMPLEMENTARIAS-y-EXTRAESCOLARES_page-0002-724x1024.jpg" alt="" class="wp-image-2775" srcset="https://cpvirgendelaoliva.educacion.navarra.es/web/wp-content/uploads/2024/11/Actividades-COMPLEMENTARIAS-y-EXTRAESCOLARES_page-0002-724x1024.jpg 724w, https://cpvirgendelaoliva.educacion.navarra.es/web/wp-content/uploads/2024/11/Actividades-COMPLEMENTARIAS-y-EXTRAESCOLARES_page-0002-212x300.jpg 212w, https://cpvirgendelaoliva.educacion.navarra.es/web/wp-content/uploads/2024/11/Actividades-COMPLEMENTARIAS-y-EXTRAESCOLARES_page-0002-768x1087.jpg 768w, https://cpvirgendelaoliva.educacion.navarra.es/web/wp-content/uploads/2024/11/Actividades-COMPLEMENTARIAS-y-EXTRAESCOLARES_page-0002-1085x1536.jpg 1085w, https://cpvirgendelaoliva.educacion.navarra.es/web/wp-content/uploads/2024/11/Actividades-COMPLEMENTARIAS-y-EXTRAESCOLARES_page-0002.jpg 1240w" sizes="(max-width: 724px) 100vw, 724px" /></figure>



<figure class="wp-block-image size-large"><img loading="lazy" width="724" height="1024" src="https://cpvirgendelaoliva.educacion.navarra.es/web/wp-content/uploads/2024/11/Actividades-COMPLEMENTARIAS-y-EXTRAESCOLARES_page-0003-724x1024.jpg" alt="" class="wp-image-2776" srcset="https://cpvirgendelaoliva.educacion.navarra.es/web/wp-content/uploads/2024/11/Actividades-COMPLEMENTARIAS-y-EXTRAESCOLARES_page-0003-724x1024.jpg 724w, https://cpvirgendelaoliva.educacion.navarra.es/web/wp-content/uploads/2024/11/Actividades-COMPLEMENTARIAS-y-EXTRAESCOLARES_page-0003-212x300.jpg 212w, https://cpvirgendelaoliva.educacion.navarra.es/web/wp-content/uploads/2024/11/Actividades-COMPLEMENTARIAS-y-EXTRAESCOLARES_page-0003-768x1087.jpg 768w, https://cpvirgendelaoliva.educacion.navarra.es/web/wp-content/uploads/2024/11/Actividades-COMPLEMENTARIAS-y-EXTRAESCOLARES_page-0003-1085x1536.jpg 1085w, https://cpvirgendelaoliva.educacion.navarra.es/web/wp-content/uploads/2024/11/Actividades-COMPLEMENTARIAS-y-EXTRAESCOLARES_page-0003.jpg 1240w" sizes="(max-width: 724px) 100vw, 724px" /></figure>

<p>ACTIVIDAD DE TARDE Durante el curso 2025 -2026, la actividad de tarde se realizará de 15:40 a 16:25 horas. La oferta para Educación Infantil y para Educación Primaria son las siguientes: ACTIVIDADES COMPLEMENTARIAS</p>
