{"id":41,"date":"2016-11-13T18:24:25","date_gmt":"2016-11-13T17:24:25","guid":{"rendered":"http:\/\/cpvirgendelaoliva.educacion.navarra.es\/web\/?page_id=41"},"modified":"2025-10-14T13:17:58","modified_gmt":"2025-10-14T11:17:58","slug":"oferta-educativa","status":"publish","type":"page","link":"https:\/\/cpvirgendelaoliva.educacion.navarra.es\/web\/oferta-educativa\/","title":{"rendered":"Oferta educativa"},"content":{"rendered":"<p>La oferta educativa de este centro es la siguiente:<\/p>\n<ul>\n<li><strong>Educaci\u00f3n Infantil<\/strong> (3-6 a\u00f1os)<\/li>\n<li><strong>Educaci\u00f3n Primaria<\/strong> (6-12 a\u00f1os)<\/li>\n<\/ul>\n<p>Y los <strong><span style=\"color: #299119;\"><u>diferentes modelos ling\u00fc\u00edsticos <\/u><\/span><\/strong>que se ofertan en el curso 2025-2026 en nuestro centro son:<\/p>\n<ol>\n<li>Modalidad ling\u00fc\u00edstica <strong>A-PAI<\/strong>\u00a0(biling\u00fce castellano e ingl\u00e9s y euskera como asignatura) y <strong>G-PAI<\/strong> (biling\u00fce castellano e ingl\u00e9s), desde 1\u00ba de Infantil hasta 6\u00ba de E. Primaria.<\/li>\n<li>Modalidad ling\u00fc\u00edstica de castellano con Euskera como asignatura (modelo <strong>A<\/strong>) y Castellano (modelo <strong>G<\/strong>),desde 1\u00ba de Infantil hasta 6\u00ba curso de E. Primaria.<\/li>\n<\/ol>\n<p>Desde el curso 2013-2014 el centro participa en el programa de aprendizaje en ingl\u00e9s (PAI). Su implantaci\u00f3n ha sido progresiva anualmente, habiendo comenzado el programa el alumnado de 3 a\u00f1os. Por tanto, desde el curso 2021-2022 el programa est\u00e1 implantado en Infantil y en\u00a0 Educaci\u00f3n Primaria.<\/p>\n<p>Para este curso 2025-2026 se ofert\u00f3, marcado por el Gobierno,\u00a0\u00a0el Modelo <b>D-PAI<\/b>.\u00a0 Al carecer de matr\u00edcula no sali\u00f3 grupo para su implantaci\u00f3n.<\/p>\n","protected":false},"excerpt":{"rendered":"<p>La oferta educativa de este centro es la siguiente: Educaci\u00f3n Infantil (3-6 a\u00f1os) Educaci\u00f3n Primaria (6-12 a\u00f1os) Y los diferentes modelos ling\u00fc\u00edsticos que se ofertan en el curso 2025-2026 en nuestro centro son: Modalidad ling\u00fc\u00edstica A-PAI\u00a0(biling\u00fce castellano e ingl\u00e9s y euskera como asignatura) y G-PAI (biling\u00fce castellano e ingl\u00e9s), desde 1\u00ba de Infantil hasta 6\u00ba [&hellip;]<\/p>\n","protected":false},"author":1,"featured_media":0,"parent":0,"menu_order":1,"comment_status":"closed","ping_status":"closed","template":"","meta":{"_genesis_hide_title":false,"_genesis_hide_breadcrumbs":false,"_genesis_hide_singular_image":false,"_genesis_hide_footer_widgets":false,"_genesis_custom_body_class":"","_genesis_custom_post_class":"","_genesis_layout":""},"_links":{"self":[{"href":"https:\/\/cpvirgendelaoliva.educacion.navarra.es\/web\/wp-json\/wp\/v2\/pages\/41"}],"collection":[{"href":"https:\/\/cpvirgendelaoliva.educacion.navarra.es\/web\/wp-json\/wp\/v2\/pages"}],"about":[{"href":"https:\/\/cpvirgendelaoliva.educacion.navarra.es\/web\/wp-json\/wp\/v2\/types\/page"}],"author":[{"embeddable":true,"href":"https:\/\/cpvirgendelaoliva.educacion.navarra.es\/web\/wp-json\/wp\/v2\/users\/1"}],"replies":[{"embeddable":true,"href":"https:\/\/cpvirgendelaoliva.educacion.navarra.es\/web\/wp-json\/wp\/v2\/comments?post=41"}],"version-history":[{"count":17,"href":"https:\/\/cpvirgendelaoliva.educacion.navarra.es\/web\/wp-json\/wp\/v2\/pages\/41\/revisions"}],"predecessor-version":[{"id":2906,"href":"https:\/\/cpvirgendelaoliva.educacion.navarra.es\/web\/wp-json\/wp\/v2\/pages\/41\/revisions\/2906"}],"wp:attachment":[{"href":"https:\/\/cpvirgendelaoliva.educacion.navarra.es\/web\/wp-json\/wp\/v2\/media?parent=41"}],"curies":[{"name":"wp","href":"https:\/\/api.w.org\/{rel}","templated":true}]}}